{"id":734,"date":"2013-04-01T15:37:54","date_gmt":"2013-04-01T15:37:54","guid":{"rendered":"http:\/\/www.kriesi.at\/themes\/enfold\/?page_id=734"},"modified":"2020-09-10T10:01:26","modified_gmt":"2020-09-10T08:01:26","slug":"homepage","status":"publish","type":"page","link":"https:\/\/hrs-dienstleistungen.de\/","title":{"rendered":"Homepage"},"content":{"rendered":"<div id='full_slider_1'  class='avia-fullwidth-slider main_color avia-shadow   avia-builder-el-0  el_before_av_layout_row  avia-builder-el-first   container_wrap sidebar_right'  ><div  class='avia-slideshow av-jor99chx-f5c991c462d3bd3eecdb0b9580497a53 av-control-hidden avia-slideshow-no scaling av_slideshow_full avia-slide-slider av-default-height-applied   avia-slideshow-1'  data-size='no scaling'  data-lightbox_size='large'  data-animation='slide'  data-conditional_play=''  data-ids='3281,3270,3268,3269,3274,3513'  data-video_counter='0'  data-autoplay='true'  data-bg_slider='false'  data-slide_height=''  data-handle='av_slideshow_full'  data-interval='5'  data-class=''  data-extra_class=' '  data-el_id=''  data-css_id=''  data-scroll_down=''  data-control_layout='av-control-hidden'  data-custom_markup=''  data-perma_caption=''  data-autoplay_stopper=''  data-image_attachment=''  data-min_height='0px'  data-lazy_loading='disabled'  data-default-height='33.333333333333'  data-stretch=''  data-src=''  data-position='top left'  data-repeat='no-repeat'  data-attach='scroll'  data-img_scrset=''  data-av-desktop-hide=''  data-av-medium-hide=''  data-av-small-hide=''  data-av-mini-hide=''  data-id=''  data-custom_class=''  data-template_class=''  data-av_uid='av-jor99chx'  data-sc_version='1.0'  data-heading_tag=''  data-heading_class=''   itemprop=\"image\" itemscope=\"itemscope\" itemtype=\"https:\/\/schema.org\/ImageObject\" ><ul class='avia-slideshow-inner ' style='padding-bottom: 33.333333333333%;'><li  class='avia-slideshow-slide av-jor99chx-f5c991c462d3bd3eecdb0b9580497a53__0  slide-1 ' ><div data-rel='slideshow-1' class='avia-slide-wrap '   ><div class='av-slideshow-caption av-jor99chx-f5c991c462d3bd3eecdb0b9580497a53__0 caption_fullwidth caption_bottom'><div class=\"container caption_container\"><div class=\"slideshow_caption\"><div class=\"slideshow_inner_caption\"><div class=\"slideshow_align_caption\"><h2 class='avia-caption-title '  itemprop=\"name\" >Unterhaltsreinigung<\/h2><\/div><\/div><\/div><\/div><\/div><img decoding=\"async\" class=\"wp-image-3281 avia-img-lazy-loading-not-3281\"  src=\"https:\/\/hrs-dienstleistungen.de\/wp-content\/uploads\/2018\/11\/Slider1.jpg\" width=\"1500\" height=\"500\" title='Slider1' alt=''  itemprop=\"thumbnailUrl\" srcset=\"https:\/\/hrs-dienstleistungen.de\/wp-content\/uploads\/2018\/11\/Slider1.jpg 1500w, https:\/\/hrs-dienstleistungen.de\/wp-content\/uploads\/2018\/11\/Slider1-300x100.jpg 300w, https:\/\/hrs-dienstleistungen.de\/wp-content\/uploads\/2018\/11\/Slider1-768x256.jpg 768w, https:\/\/hrs-dienstleistungen.de\/wp-content\/uploads\/2018\/11\/Slider1-1030x343.jpg 1030w, https:\/\/hrs-dienstleistungen.de\/wp-content\/uploads\/2018\/11\/Slider1-705x235.jpg 705w, https:\/\/hrs-dienstleistungen.de\/wp-content\/uploads\/2018\/11\/Slider1-450x150.jpg 450w\" sizes=\"(max-width: 1500px) 100vw, 1500px\" \/><\/div><\/li><li  class='avia-slideshow-slide av-jor99chx-f5c991c462d3bd3eecdb0b9580497a53__1  slide-2 ' ><div data-rel='slideshow-1' class='avia-slide-wrap '   ><div class='av-slideshow-caption av-jor99chx-f5c991c462d3bd3eecdb0b9580497a53__1 caption_fullwidth caption_bottom'><div class=\"container caption_container\"><div class=\"slideshow_caption\"><div class=\"slideshow_inner_caption\"><div class=\"slideshow_align_caption\"><h2 class='avia-caption-title '  itemprop=\"name\" >Glas- und Fassadenreinigung<\/h2><\/div><\/div><\/div><\/div><\/div><img decoding=\"async\" class=\"wp-image-3270 avia-img-lazy-loading-not-3270\"  src=\"https:\/\/hrs-dienstleistungen.de\/wp-content\/uploads\/2018\/11\/Slider12.jpg\" width=\"1500\" height=\"500\" title='Slider12' alt=''  itemprop=\"thumbnailUrl\" srcset=\"https:\/\/hrs-dienstleistungen.de\/wp-content\/uploads\/2018\/11\/Slider12.jpg 1500w, https:\/\/hrs-dienstleistungen.de\/wp-content\/uploads\/2018\/11\/Slider12-300x100.jpg 300w, https:\/\/hrs-dienstleistungen.de\/wp-content\/uploads\/2018\/11\/Slider12-768x256.jpg 768w, https:\/\/hrs-dienstleistungen.de\/wp-content\/uploads\/2018\/11\/Slider12-1030x343.jpg 1030w, https:\/\/hrs-dienstleistungen.de\/wp-content\/uploads\/2018\/11\/Slider12-705x235.jpg 705w, https:\/\/hrs-dienstleistungen.de\/wp-content\/uploads\/2018\/11\/Slider12-450x150.jpg 450w\" sizes=\"(max-width: 1500px) 100vw, 1500px\" \/><\/div><\/li><li  class='avia-slideshow-slide av-jor99chx-f5c991c462d3bd3eecdb0b9580497a53__2  slide-3 ' ><div data-rel='slideshow-1' class='avia-slide-wrap '   ><div class='av-slideshow-caption av-jor99chx-f5c991c462d3bd3eecdb0b9580497a53__2 caption_fullwidth caption_bottom'><div class=\"container caption_container\"><div class=\"slideshow_caption\"><div class=\"slideshow_inner_caption\"><div class=\"slideshow_align_caption\"><h2 class='avia-caption-title '  itemprop=\"name\" >Gro\u00dfk\u00fcchenreinigung<\/h2><\/div><\/div><\/div><\/div><\/div><img decoding=\"async\" class=\"wp-image-3268 avia-img-lazy-loading-not-3268\"  src=\"https:\/\/hrs-dienstleistungen.de\/wp-content\/uploads\/2018\/11\/Slider14.jpg\" width=\"1500\" height=\"500\" title='Slider14' alt=''  itemprop=\"thumbnailUrl\" srcset=\"https:\/\/hrs-dienstleistungen.de\/wp-content\/uploads\/2018\/11\/Slider14.jpg 1500w, https:\/\/hrs-dienstleistungen.de\/wp-content\/uploads\/2018\/11\/Slider14-300x100.jpg 300w, https:\/\/hrs-dienstleistungen.de\/wp-content\/uploads\/2018\/11\/Slider14-768x256.jpg 768w, https:\/\/hrs-dienstleistungen.de\/wp-content\/uploads\/2018\/11\/Slider14-1030x343.jpg 1030w, https:\/\/hrs-dienstleistungen.de\/wp-content\/uploads\/2018\/11\/Slider14-705x235.jpg 705w, https:\/\/hrs-dienstleistungen.de\/wp-content\/uploads\/2018\/11\/Slider14-450x150.jpg 450w\" sizes=\"(max-width: 1500px) 100vw, 1500px\" \/><\/div><\/li><li  class='avia-slideshow-slide av-jor99chx-f5c991c462d3bd3eecdb0b9580497a53__3  slide-4 ' ><div data-rel='slideshow-1' class='avia-slide-wrap '   ><div class='av-slideshow-caption av-jor99chx-f5c991c462d3bd3eecdb0b9580497a53__3 caption_fullwidth caption_bottom'><div class=\"container caption_container\"><div class=\"slideshow_caption\"><div class=\"slideshow_inner_caption\"><div class=\"slideshow_align_caption\"><h2 class='avia-caption-title '  itemprop=\"name\" >Photovoltaik-Anlagenreinigung<\/h2><\/div><\/div><\/div><\/div><\/div><img decoding=\"async\" class=\"wp-image-3269 avia-img-lazy-loading-not-3269\"  src=\"https:\/\/hrs-dienstleistungen.de\/wp-content\/uploads\/2018\/11\/Slider13.jpg\" width=\"1500\" height=\"500\" title='Slider13' alt=''  itemprop=\"thumbnailUrl\" srcset=\"https:\/\/hrs-dienstleistungen.de\/wp-content\/uploads\/2018\/11\/Slider13.jpg 1500w, https:\/\/hrs-dienstleistungen.de\/wp-content\/uploads\/2018\/11\/Slider13-300x100.jpg 300w, https:\/\/hrs-dienstleistungen.de\/wp-content\/uploads\/2018\/11\/Slider13-768x256.jpg 768w, https:\/\/hrs-dienstleistungen.de\/wp-content\/uploads\/2018\/11\/Slider13-1030x343.jpg 1030w, https:\/\/hrs-dienstleistungen.de\/wp-content\/uploads\/2018\/11\/Slider13-705x235.jpg 705w, https:\/\/hrs-dienstleistungen.de\/wp-content\/uploads\/2018\/11\/Slider13-450x150.jpg 450w\" sizes=\"(max-width: 1500px) 100vw, 1500px\" \/><\/div><\/li><li  class='avia-slideshow-slide av-jor99chx-f5c991c462d3bd3eecdb0b9580497a53__4  slide-5 ' ><div data-rel='slideshow-1' class='avia-slide-wrap '   ><div class='av-slideshow-caption av-jor99chx-f5c991c462d3bd3eecdb0b9580497a53__4 caption_fullwidth caption_bottom'><div class=\"container caption_container\"><div class=\"slideshow_caption\"><div class=\"slideshow_inner_caption\"><div class=\"slideshow_align_caption\"><h2 class='avia-caption-title '  itemprop=\"name\" >Hallenreinigung<\/h2><\/div><\/div><\/div><\/div><\/div><img decoding=\"async\" class=\"wp-image-3274 avia-img-lazy-loading-not-3274\"  src=\"https:\/\/hrs-dienstleistungen.de\/wp-content\/uploads\/2018\/11\/Slider8.jpg\" width=\"1500\" height=\"500\" title='Slider8' alt=''  itemprop=\"thumbnailUrl\" srcset=\"https:\/\/hrs-dienstleistungen.de\/wp-content\/uploads\/2018\/11\/Slider8.jpg 1500w, https:\/\/hrs-dienstleistungen.de\/wp-content\/uploads\/2018\/11\/Slider8-300x100.jpg 300w, https:\/\/hrs-dienstleistungen.de\/wp-content\/uploads\/2018\/11\/Slider8-768x256.jpg 768w, https:\/\/hrs-dienstleistungen.de\/wp-content\/uploads\/2018\/11\/Slider8-1030x343.jpg 1030w, https:\/\/hrs-dienstleistungen.de\/wp-content\/uploads\/2018\/11\/Slider8-705x235.jpg 705w, https:\/\/hrs-dienstleistungen.de\/wp-content\/uploads\/2018\/11\/Slider8-450x150.jpg 450w\" sizes=\"(max-width: 1500px) 100vw, 1500px\" \/><\/div><\/li><li  class='avia-slideshow-slide av-jor99chx-f5c991c462d3bd3eecdb0b9580497a53__5  slide-6 ' ><div data-rel='slideshow-1' class='avia-slide-wrap '   ><div class='av-slideshow-caption av-jor99chx-f5c991c462d3bd3eecdb0b9580497a53__5 caption_fullwidth caption_bottom'><div class=\"container caption_container\"><div class=\"slideshow_caption\"><div class=\"slideshow_inner_caption\"><div class=\"slideshow_align_caption\"><h2 class='avia-caption-title '  itemprop=\"name\" >Grundreinigung<\/h2><\/div><\/div><\/div><\/div><\/div><img decoding=\"async\" class=\"wp-image-3513 avia-img-lazy-loading-not-3513\"  src=\"https:\/\/hrs-dienstleistungen.de\/wp-content\/uploads\/2019\/04\/Slider_bodenglanz.jpg\" width=\"1500\" height=\"500\" title='Slider_bodenglanz' alt=''  itemprop=\"thumbnailUrl\" srcset=\"https:\/\/hrs-dienstleistungen.de\/wp-content\/uploads\/2019\/04\/Slider_bodenglanz.jpg 1500w, https:\/\/hrs-dienstleistungen.de\/wp-content\/uploads\/2019\/04\/Slider_bodenglanz-300x100.jpg 300w, https:\/\/hrs-dienstleistungen.de\/wp-content\/uploads\/2019\/04\/Slider_bodenglanz-768x256.jpg 768w, https:\/\/hrs-dienstleistungen.de\/wp-content\/uploads\/2019\/04\/Slider_bodenglanz-1030x343.jpg 1030w, https:\/\/hrs-dienstleistungen.de\/wp-content\/uploads\/2019\/04\/Slider_bodenglanz-705x235.jpg 705w, https:\/\/hrs-dienstleistungen.de\/wp-content\/uploads\/2019\/04\/Slider_bodenglanz-450x150.jpg 450w\" sizes=\"(max-width: 1500px) 100vw, 1500px\" \/><\/div><\/li><\/ul><div class='avia-slideshow-arrows avia-slideshow-controls' ><a href='#prev' class='prev-slide ' aria-hidden='true' data-av_icon='\ue87c' data-av_iconfont='entypo-fontello'  tabindex='-1'>Zur\u00fcck<\/a><a href='#next' class='next-slide ' aria-hidden='true' data-av_icon='\ue87d' data-av_iconfont='entypo-fontello'  tabindex='-1'>Weiter<\/a><\/div><div class='avia-slideshow-dots avia-slideshow-controls'><a href='#1' class='goto-slide active' >1<\/a><a href='#2' class='goto-slide ' >2<\/a><a href='#3' class='goto-slide ' >3<\/a><a href='#4' class='goto-slide ' >4<\/a><a href='#5' class='goto-slide ' >5<\/a><a href='#6' class='goto-slide ' >6<\/a><\/div><\/div><\/div>\n<div id='av-layout-grid-1'  class='av-layout-grid-container av-ozoom-3e9d6c49c43005d4bb61a0968890fa16 entry-content-wrapper main_color av-flex-cells  avia-builder-el-1  el_after_av_slideshow_full  el_before_av_section  grid-row-not-first  container_wrap sidebar_right'  >\n\n<style type=\"text\/css\" data-created_by=\"avia_inline_auto\" id=\"style-css-av-ilg3q-e348dfe11accd546672cdde71eac5069\">\n.flex_cell.av-ilg3q-e348dfe11accd546672cdde71eac5069{\nvertical-align:top;\npadding:30px 30px 30px 30px;\nbackground-color:#e2e2e2;\n}\n<\/style>\n<div class='flex_cell av_one_third av-ilg3q-e348dfe11accd546672cdde71eac5069 no_margin  avia-builder-el-2  el_before_av_cell_one_third  avia-builder-el-first ' ><div class='flex_cell_inner'>\n<style type=\"text\/css\" data-created_by=\"avia_inline_auto\" id=\"style-css-av-jp2r82wy-a541b5c42431c9b9ec441eeda7bdec41\">\n#top .av_textblock_section.av-jp2r82wy-a541b5c42431c9b9ec441eeda7bdec41 .avia_textblock{\nfont-size:14px;\n}\n<\/style>\n<section  class='av_textblock_section av-jp2r82wy-a541b5c42431c9b9ec441eeda7bdec41'  itemscope=\"itemscope\" itemtype=\"https:\/\/schema.org\/CreativeWork\" ><div class='avia_textblock'  itemprop=\"text\" ><h2><span style=\"font-size: 20pt;\">Dauerhaft optimal!<\/span><\/h2>\n<p>Optimal sauber, mehr Gewinn! Wir helfen Ihnen, damit Ihre Fassade sauber bleibt und Ihre Photovoltaik-Anlage dauerhaft optimal Energie erzeugt. Sprechen Sie uns an, wir machen Ihnen gerne ein individuelles Angebot.<\/p>\n<\/div><\/section>\n<\/div><\/div>\n<style type=\"text\/css\" data-created_by=\"avia_inline_auto\" id=\"style-css-av-hk7tq-70d024ff17a22a7c068e1b7edc3a9efd\">\n.flex_cell.av-hk7tq-70d024ff17a22a7c068e1b7edc3a9efd{\nvertical-align:top;\npadding:30px 30px 30px 30px;\n}\n<\/style>\n<div class='flex_cell av_one_third av-hk7tq-70d024ff17a22a7c068e1b7edc3a9efd no_margin  avia-builder-el-4  el_after_av_cell_one_third  el_before_av_cell_one_third ' ><div class='flex_cell_inner'><div class=\"avia-video av-kewic1d4-050c23c1a85886f1b1036b6bba58cce9 avia-video-16-9 av-no-preview-image avia-video-load-always avia-video-html5\" style=\"\" itemprop=\"video\" itemtype=\"https:\/\/schema.org\/VideoObject\" data-original_url=\"https:\/\/hrs-dienstleistungen.de\/wp-content\/uploads\/2020\/09\/HRS-Unternehmensfilm.mp4\"><video class='avia_video'    preload=\"auto\"  controls id='player_734_778671116_1203120949'><source src='https:\/\/hrs-dienstleistungen.de\/wp-content\/uploads\/2020\/09\/HRS-Unternehmensfilm.mp4' type='video\/mp4' \/><\/video><\/div>\n<\/div><\/div>\n<style type=\"text\/css\" data-created_by=\"avia_inline_auto\" id=\"style-css-av-3lfa-27f201cde365e3123802772a8f30cb02\">\n.flex_cell.av-3lfa-27f201cde365e3123802772a8f30cb02{\nvertical-align:top;\npadding:30px 30px 30px 30px;\nbackground-color:#e5e5e5;\n}\n<\/style>\n<div class='flex_cell av_one_third av-3lfa-27f201cde365e3123802772a8f30cb02 no_margin  avia-builder-el-6  el_after_av_cell_one_third  avia-builder-el-last ' ><div class='flex_cell_inner'>\n<style type=\"text\/css\" data-created_by=\"avia_inline_auto\" id=\"style-css-av-jp2r82wy-a541b5c42431c9b9ec441eeda7bdec41\">\n#top .av_textblock_section.av-jp2r82wy-a541b5c42431c9b9ec441eeda7bdec41 .avia_textblock{\nfont-size:14px;\n}\n<\/style>\n<section  class='av_textblock_section av-jp2r82wy-a541b5c42431c9b9ec441eeda7bdec41'  itemscope=\"itemscope\" itemtype=\"https:\/\/schema.org\/CreativeWork\" ><div class='avia_textblock'  itemprop=\"text\" ><h2><span style=\"font-size: 20pt;\">Qualit\u00e4t und Kompetenz<\/span><\/h2>\n<p>Das ist die Kernaussage der HRS-Dienstleistungen, die Sie auf lange Sicht \u00fcberzeugen wird. Gemeinsam mit unseren Kunden sind wir immer auf der Suche nach der besten L\u00f6sung. Im partnerschaftlichen Gedanken-Austausch entstehen h\u00e4ufig echte Innovationen.<\/p>\n<\/div><\/section>\n<\/div><\/div>\n<\/div>\n\n<style type=\"text\/css\" data-created_by=\"avia_inline_auto\" id=\"style-css-av-r4s5a-2487e20a22e0b219964c9569d8e72d7b\">\n.avia-section.av-r4s5a-2487e20a22e0b219964c9569d8e72d7b{\nbackground-color:#db111f;\n}\n<\/style>\n<div id='av_section_1'  class='avia-section av-r4s5a-2487e20a22e0b219964c9569d8e72d7b main_color avia-section-default avia-no-border-styling  avia-builder-el-8  el_after_av_layout_row  el_before_av_section  avia-bg-style-scroll container_wrap sidebar_right'  ><div class='container av-section-cont-open' ><div class='template-page content  av-content-small alpha units'><div class='post-entry post-entry-type-page post-entry-734'><div class='entry-content-wrapper clearfix'>\n\n<style type=\"text\/css\" data-created_by=\"avia_inline_auto\" id=\"style-css-av-lzjxq-7cac5295522e3b55708c78a2f4e88d36\">\n.flex_column.av-lzjxq-7cac5295522e3b55708c78a2f4e88d36{\nborder-radius:0px 0px 0px 0px;\n-webkit-border-radius:0px 0px 0px 0px;\n-moz-border-radius:0px 0px 0px 0px;\n}\n<\/style>\n<div class='flex_column av-lzjxq-7cac5295522e3b55708c78a2f4e88d36 av_one_half  avia-builder-el-9  el_before_av_one_half  avia-builder-el-first  first flex_column_div av-zero-column-padding '   ><style type=\"text\/css\" data-created_by=\"avia_inline_auto\" id=\"style-css-av-kewivn13-057319dd638f27677362de6e00ca6cc3\">\n#top .av-special-heading.av-kewivn13-057319dd638f27677362de6e00ca6cc3{\npadding-bottom:10px;\ncolor:#ffffff;\nfont-size:50px;\n}\nbody .av-special-heading.av-kewivn13-057319dd638f27677362de6e00ca6cc3 .av-special-heading-tag .heading-char{\nfont-size:25px;\n}\n#top #wrap_all .av-special-heading.av-kewivn13-057319dd638f27677362de6e00ca6cc3 .av-special-heading-tag{\nfont-size:50px;\n}\n.av-special-heading.av-kewivn13-057319dd638f27677362de6e00ca6cc3 .special-heading-inner-border{\nborder-color:#ffffff;\n}\n.av-special-heading.av-kewivn13-057319dd638f27677362de6e00ca6cc3 .av-subheading{\nfont-size:15px;\n}\n<\/style>\n<div  class='av-special-heading av-kewivn13-057319dd638f27677362de6e00ca6cc3 av-special-heading-h1 custom-color-heading blockquote modern-quote modern-centered  avia-builder-el-10  avia-builder-el-no-sibling  av-thin-font av-inherit-size'><h1 class='av-special-heading-tag'  itemprop=\"headline\"  ><strong>WIR SUCHEN SIE!<\/strong><\/h1><div class=\"special-heading-border\"><div class=\"special-heading-inner-border\"><\/div><\/div><\/div><\/div>\n<style type=\"text\/css\" data-created_by=\"avia_inline_auto\" id=\"style-css-av-91jpa-27ff53c55b8e9193cc5515c0e1386a9a\">\n.flex_column.av-91jpa-27ff53c55b8e9193cc5515c0e1386a9a{\nborder-radius:0px 0px 0px 0px;\n-webkit-border-radius:0px 0px 0px 0px;\n-moz-border-radius:0px 0px 0px 0px;\n}\n<\/style>\n<div class='flex_column av-91jpa-27ff53c55b8e9193cc5515c0e1386a9a av_one_half  avia-builder-el-11  el_after_av_one_half  avia-builder-el-last  flex_column_div av-zero-column-padding '   ><style type=\"text\/css\" data-created_by=\"avia_inline_auto\" id=\"style-css-av-jp2r82wy-6ca50c53ace9a0e8f55b463b4d6b1462\">\n#top .av_textblock_section.av-jp2r82wy-6ca50c53ace9a0e8f55b463b4d6b1462 .avia_textblock{\nfont-size:14px;\ncolor:#ffffff;\n}\n<\/style>\n<section  class='av_textblock_section av-jp2r82wy-6ca50c53ace9a0e8f55b463b4d6b1462'  itemscope=\"itemscope\" itemtype=\"https:\/\/schema.org\/CreativeWork\" ><div class='avia_textblock av_inherit_color'  itemprop=\"text\" ><p><span style=\"font-size: 22pt;\"><strong>Reinigungskr\u00e4fte <\/strong><\/span>m\/w\/d \u00a0 <strong><span style=\"font-size: 12pt;\"><a href=\"https:\/\/hrs-dienstleistungen.de\/?page_id=3448\"><span style=\"font-size: 14pt;\">&gt;&gt;&gt;<\/span><\/a><\/span><\/strong><\/p>\n<hr \/>\n<p><span style=\"font-size: 22pt;\"><strong>B\u00fcrokr\u00e4fte<\/strong><\/span> m\/w\/d \u00a0 <span style=\"font-size: 14pt;\"><strong><a href=\"https:\/\/hrs-dienstleistungen.de\/?page_id=3448\">&gt;&gt;&gt;<\/a><\/strong><\/span><\/p>\n<\/div><\/section><\/div><\/div><\/div><\/div><!-- close content main div --><\/div><\/div><div id='av_section_2'  class='avia-section av-8mlvmu-752e7e5171c821920f48787679443e9a alternate_color avia-section-default avia-no-border-styling  avia-builder-el-13  el_after_av_section  el_before_av_section  avia-bg-style-scroll container_wrap sidebar_right'  ><div class='container av-section-cont-open' ><div class='template-page content  av-content-small alpha units'><div class='post-entry post-entry-type-page post-entry-734'><div class='entry-content-wrapper clearfix'>\n<section  class='av_textblock_section av-8ctome-1cd14960e076e25e34ea1891f125795d'  itemscope=\"itemscope\" itemtype=\"https:\/\/schema.org\/CreativeWork\" ><div class='avia_textblock'  itemprop=\"text\" ><p><span style=\"font-size: 20pt;\"><strong>Willkommen bei HRS-Dienstleistungen, 54518 Binsfeld<\/strong><\/span><\/p>\n<p><span style=\"font-size: 14pt;\">Mit HRS Dienstleistungen nutzen Sie Synergieeffekte und erreichen dadurch einen signifikanten Beitrag zur Senkung Ihrer Unterhaltskosten. Als Ihr Partner f\u00fcr das Infrastrukturelle Geb\u00e4udemanagement bieten wir Ihnen alle Leistungen aus einer Hand: von der Unterhalts-. Glas-, Fassaden-, Bau-, Industrie- und Sonderreinigung \u00fcber Personalservice bis hin zu Sicherheitsdiensten.<\/span><\/p>\n<p><span style=\"font-size: 14pt;\">Unser umfassendes Leistungsportal ist modular aufgebaut. Ob Geb\u00e4udereinigung, Hausmeisterdienste, Logistik und Personaldienste &#8211; wir k\u00fcmmern uns professionell und engagiert um jede einzelne Aufgabe und jedes noch so kleine Detail, damit Sie in Ruhe Ihrer Kernarbeit nachgehen k\u00f6nnen. In enger Abstimmung mit Ihnen analysieren wir Ihren Bedarf, entwickeln eine f\u00fcr Ihr Unternehmen perfekt angepasste L\u00f6sung und sorgen f\u00fcr ein positives Qualit\u00e4tsmanagement.<\/span><\/p>\n<p><span style=\"font-size: 14pt;\">Mit gro\u00dfem Engagement arbeiten wir stets an der Optimierung unserer Leistungen, wobei auch das Thema Umweltschutz eine immer gr\u00f6\u00dfere Rolle spielt.<\/span><\/p>\n<\/div><\/section>\n<div  class='hr av-9ikcu-e5cb66507e38a76dc1f56f74c113d372 hr-default  avia-builder-el-15  el_after_av_textblock  el_before_av_textblock '><span class='hr-inner '><span class=\"hr-inner-style\"><\/span><\/span><\/div>\n<section  class='av_textblock_section av-8ctome-1cd14960e076e25e34ea1891f125795d'  itemscope=\"itemscope\" itemtype=\"https:\/\/schema.org\/CreativeWork\" ><div class='avia_textblock'  itemprop=\"text\" ><h1 style=\"text-align: left;\">Das Unternehmen HRS-Dienstleistungen<\/h1>\n<p style=\"text-align: left;\"><span style=\"font-size: 18pt;\">Seit 1997 bietet HRS Dienstleistungen vielf\u00e4ltige Leistungen rund um die Geb\u00e4udereinigung.<br \/>\n<\/span><span style=\"font-size: 18pt;\">Im Innen- und Au\u00dfenbereich.<\/span><\/p>\n<\/div><\/section>\n\n<\/div><\/div><\/div><!-- close content main div --><\/div><\/div>\n<style type=\"text\/css\" data-created_by=\"avia_inline_auto\" id=\"style-css-av-7rw6m-41dd32e9898889a0e4004fa69bb52728\">\n.avia-section.av-7rw6m-41dd32e9898889a0e4004fa69bb52728{\nbackground-color:#db111f;\n}\n<\/style>\n<div id='av_section_3'  class='avia-section av-7rw6m-41dd32e9898889a0e4004fa69bb52728 main_color avia-section-default avia-no-border-styling  avia-builder-el-17  el_after_av_section  avia-builder-el-last  avia-bg-style-scroll container_wrap sidebar_right'  ><div class='container av-section-cont-open' ><div class='template-page content  av-content-small alpha units'><div class='post-entry post-entry-type-page post-entry-734'><div class='entry-content-wrapper clearfix'>\n<section  class='av_textblock_section av-8ctome-1cd14960e076e25e34ea1891f125795d'  itemscope=\"itemscope\" itemtype=\"https:\/\/schema.org\/CreativeWork\" ><div class='avia_textblock'  itemprop=\"text\" ><h2 style=\"text-align: center;\"><span style=\"font-size: 22pt; color: #ffffff;\"><strong>UNSERE PHILOSOPHIE:\u00a0 QUALIT\u00c4T &#8211; ENGAGEMENT &#8211; KOMPETENZ<\/strong><\/span><\/h2>\n<\/div><\/section>\n<\/div><\/div><\/div><!-- close content main div --><\/div><\/div><div id='after_section_3'  class='main_color av_default_container_wrap container_wrap sidebar_right'  ><div class='container av-section-cont-open' ><div class='template-page content  av-content-small alpha units'><div class='post-entry post-entry-type-page post-entry-734'><div class='entry-content-wrapper clearfix'>\n","protected":false},"excerpt":{"rendered":"<p>HRS, Dienstleistungen, Photovoltaikreinigung, Glasfassaden, Hallenreinigung, Unterhaltsreinung, Binsfeld, Gro\u00dfk\u00fcchenreinigung<\/p>\n","protected":false},"author":1,"featured_media":0,"parent":0,"menu_order":0,"comment_status":"closed","ping_status":"closed","template":"","meta":{"footnotes":""},"class_list":["post-734","page","type-page","status-publish","hentry"],"_links":{"self":[{"href":"https:\/\/hrs-dienstleistungen.de\/index.php?rest_route=\/wp\/v2\/pages\/734","targetHints":{"allow":["GET"]}}],"collection":[{"href":"https:\/\/hrs-dienstleistungen.de\/index.php?rest_route=\/wp\/v2\/pages"}],"about":[{"href":"https:\/\/hrs-dienstleistungen.de\/index.php?rest_route=\/wp\/v2\/types\/page"}],"author":[{"embeddable":true,"href":"https:\/\/hrs-dienstleistungen.de\/index.php?rest_route=\/wp\/v2\/users\/1"}],"replies":[{"embeddable":true,"href":"https:\/\/hrs-dienstleistungen.de\/index.php?rest_route=%2Fwp%2Fv2%2Fcomments&post=734"}],"version-history":[{"count":101,"href":"https:\/\/hrs-dienstleistungen.de\/index.php?rest_route=\/wp\/v2\/pages\/734\/revisions"}],"predecessor-version":[{"id":3586,"href":"https:\/\/hrs-dienstleistungen.de\/index.php?rest_route=\/wp\/v2\/pages\/734\/revisions\/3586"}],"wp:attachment":[{"href":"https:\/\/hrs-dienstleistungen.de\/index.php?rest_route=%2Fwp%2Fv2%2Fmedia&parent=734"}],"curies":[{"name":"wp","href":"https:\/\/api.w.org\/{rel}","templated":true}]}}